at are the prime factors of 6140?
2, 5, 307
What are the prime factors of 8586?
2, 3, 53
What are the prime factors of 7302?
2, 3, 1217
What are the prime factors of 30527?
7, 89
List the prime factors of 1387.
19, 73
List the prime factors of 34997.
79, 443
List the prime factors of 2308.
2, 577
List the prime factors of 7612.
2, 11, 173
What are the prime factors of 3525?
3, 5, 47
List the prime factors of 5345.
5, 1069
What are the prime factors of 80721?
3, 8969
What are the prime factors of 2261?
7, 17, 19
List the prime factors of 778.
2, 389
List the prime factors of 720.
2, 3, 5
List the prime factors of 87992.
2, 17, 647
What are the prime factors of 9693?
3, 359
List the prime factors of 1200.
2, 3, 5
What are the prime factors of 3237?
3, 13, 83
What are the prime factors of 11372?
2, 2843
List the prime factors of 84990.
2, 3, 5, 2833
What are the prime factors of 3376?
2, 211
What are the prime factors of 47573?
113, 421
List the prime factors of 2919.
3, 7, 139
List the prime factors of 1624.
2, 7, 29
List the prime factors of 1757.
7, 251
List the prime factors of 9155.
5, 1831
List the prime factors of 12587.
41, 307
What are the prime factors of 27494?
2, 59, 233
What are the prime factors of 2479?
37, 67
What are the prime factors of 14403?
3, 4801
What are the prime factors of 10920?
2, 3, 5, 7, 13
What are the prime factors of 2700?
2, 3, 5
List the prime factors of 642.
2, 3, 107
List the prime factors of 1314.
2, 3, 73
List the prime factors of 1764.
2, 3, 7
List the prime factors of 3113.
11, 283
What are the prime factors of 54719?
7, 7817
What are the prime factors of 155370?
2, 3, 5, 5179
List the prime factors of 16508.
2, 4127
What are the prime factors of 82112?
2, 1283
List the prime factors of 25012.
2, 13, 37
What are the prime factors of 11274?
2, 3, 1879
What are the prime factors of 1191?
3, 397
What are the prime factors of 657?
3, 73
What are the prime factors of 1984?
2, 31
List the prime factors of 37.
37
What are the prime factors of 15274?
2, 7, 1091
List the prime factors of 7098.
2, 3, 7, 13
What are the prime factors of 650?
2, 5, 13
What are the prime factors of 31341?
3, 31, 337
List the prime factors of 207.
3, 23
List the prime factors of 2578.
2, 1289
List the prime factors of 1438.
2, 719
List the prime factors of 613.
613
What are the prime factors of 895?
5, 179
What are the prime factors of 179?
179
List the prime factors of 13703.
71, 193
What are the prime factors of 1193?
1193
List the prime factors of 80417.
29, 47, 59
What are the prime factors of 3763?
53, 71
What are the prime factors of 171?
3, 19
List the prime factors of 77941.
41, 1901
List the prime factors of 34305.
3, 5, 2287
What are the prime factors of 54915?
3, 5, 7, 523
List the prime factors of 12895.
5, 2579
What are the prime factors of 48938?
2, 24469
List the prime factors of 80108.
2, 7, 2861
List the prime factors of 11246.
2, 5623
What are the prime factors of 11120?
2, 5, 139
List the prime factors of 24711.
3, 8237
List the prime factors of 1848.
2, 3, 7, 11
List the prime factors of 40922.
2, 7, 37, 79
List the prime factors of 1169.
7, 167
List the prime factors of 13857.
3, 31, 149
List the prime factors of 455.
5, 7, 13
What are the prime factors of 4707?
3, 523
What are the prime factors of 22996?
2, 5749
What are the prime factors of 76285?
5, 11, 19, 73
What are the prime factors of 2186?
2, 1093
List the prime factors of 916.
2, 229
What are the prime factors of 685?
5, 137
What are the prime factors of 4212?
2, 3, 13
List the prime factors of 2229.
3, 743
What are the prime factors of 7072?
2, 13, 17
What are the prime factors of 160296?
2, 3, 6679
List the prime factors of 76638.
2, 3, 53, 241
List the prime factors of 79967.
79967
What are the prime factors of 48569?
17, 2857
What are the prime factors of 21724?
2, 5431
List the prime factors of 539.
7, 11
What are the prime factors of 19229?
7, 41, 67
List the prime factors of 747.
3, 83
List the prime factors of 109980.
2, 3, 5, 13, 47
What are the prime factors of 3050?
2, 5, 61
What are the prime factors of 158687?
89, 1783
What are the prime factors of 2601?
3, 17
List the prime factors of 2697.
3, 29, 31
What are the prime factors of 5576?
2, 17, 41
List the prime factors of 55921.
55921
What are the prime factors of 21795?
3, 5, 1453
What are the prime factors of 41294?
2, 11, 1877
What are the prime factors of 120970?
2, 5, 12097
List the prime factors of 5584.
2, 349
What are the prime factors of 7379?
47, 157
What are the prime factors of 2744?
2, 7
List the prime factors of 46104.
2, 3, 17, 113
What are the prime factors of 142?
2, 71
List the prime factors of 19528.
2, 2441
What are the prime factors of 169310?
2, 5, 16931
List the prime factors of 1676.
2, 419
List the prime factors of 51562.
2, 7, 29, 127
What are the prime factors of 45427?
45427
What are the prime factors of 2954?
2, 7, 211
List the prime factors of 48173.
67, 719
List the prime factors of 39871.
13, 3067
List the prime factors of 3294.
2, 3, 61
What are the prime factors of 1479?
3, 17, 29
What are the prime factors of 15034?
2, 7517
What are the prime factors of 5924?
2, 1481
List the prime factors of 23.
23
List the prime factors of 5808.
2, 3, 11
List the prime factors of 135330.
2, 3, 5, 13, 347
List the prime factors of 9502.
2, 4751
List the prime factors of 202.
2, 101
What are the prime factors of 577?
577
List the prime factors of 973.
7, 139
List the prime factors of 37115.
5, 13, 571
What are the prime factors of 4729?
4729
List the prime factors of 14100.
2, 3, 5, 47
List the prime factors of 22154.
2, 11, 19, 53
What are the prime factors of 3083?
3083
List the prime factors of 8741.
8741
List the prime factors of 517.
11, 47
List the prime factors of 24821.
24821
What are the prime factors of 3469?
3469
What are the prime factors of 19623?
3, 31, 211
List the prime factors of 47092.
2, 61, 193
List the prime factors of 10700.
2, 5, 107
List the prime factors of 1854.
2, 3, 103
What are the prime factors of 1621?
1621
List the prime factors of 3171.
3, 7, 151
What are the prime factors of 31?
31
What are the prime factors of 13605?
3, 5, 907
List the prime factors of 44413.
23, 1931
List the prime factors of 80049.
3, 26683
List the prime factors of 62831.
83, 757
What are the prime factors of 116?
2, 29
List the prime factors of 63549.
3, 23, 307
List the prime factors of 114477.
3, 11, 3469
What are the prime factors of 46176?
2, 3, 13, 37
List the prime factors of 13571.
41, 331
What are the prime factors of 14796?
2, 3, 137
What are the prime factors of 3823?
3823
List the prime factors of 183695.
5, 36739
List the prime factors of 781.
11, 71
List the prime factors of 78864.
2, 3, 31, 53
List the prime factors of 8181.
3, 101
List the prime factors of 899.
29, 31
List the prime factors of 1494.
2, 3, 83
What are the prime factors of 1330?
2, 5, 7, 19
What are the prime factors of 56623?
7, 8089
List the prime factors of 5006.
2, 2503
What are the prime factors of 36570?
2, 3, 5, 23, 53
What are the prime factors of 1171?
1171
List the prime factors of 1493.
1493
What are the prime factors of 16528?
2, 1033
List the prime factors of 864.
2, 3
What are the prime factors of 6741?
3, 7, 107
What are the prime factors of 66786?
2, 3, 11131
What are the prime factors of 20957?
19, 1103
What are the prime factors of 10797?
3, 59, 61
List the prime factors of 462.
2, 3, 7, 11
List the prime factors of 1521.
3, 13
List the prime factors of 210.
2, 3, 5, 7
What are the prime factors of 17617?
79, 223
What are the prime factors of 1410?
2, 3, 5, 47
List the prime factors of 8422.
2, 4211
What are the prime factors of 98115?
3, 5, 31, 211
What are the prime factors of 4623?
3, 23, 67
What are the prime factors of 32708?
2, 13, 17, 37
What are the prime factors of 498?
2, 3, 83
List the prime factors of 1556.
2, 389
What are the prime factors of 4572?
2, 3, 127
List the prime factors of 2182.
2, 1091
What are the prime factors of 4964?
2, 17, 73
What are the prime factors of 13300?
2, 5, 7, 19
List the prime factors of 2188.
2, 547
List the prime factors of 17303.
11, 13
List the prime factors of 9546.
2, 3, 37, 43
What are the prime factors of 117?
3, 13
Lis